o be t(-6). Let z = i - o. List the prime factors of z.
2, 19
Let y(n) = 153*n - 117. What are the prime factors of y(28)?
3, 463
Let k(d) = -4*d - 103. Let g be k(-25). List the prime factors of g/(3/(-3141)*63/14).
2, 349
Suppose 5*s - s = 0, -5 = 5*w - s. List the prime factors of w/(6 - 9485/1580).
2, 79
Let n = 6645 - 6681. Suppose 56 + 118 = -3*g. Let x = n - g. List the prime factors of x.
2, 11
What are the prime factors of 44894/3 - (-2)/6?
5, 41, 73
Let b = 43 - 29. Suppose 0 = -b*l + 5*l + 162. Suppose 5*v - 147 - l = 0. List the prime factors of v.
3, 11
Let i = 3 - -24. Suppose -i*x + 7326 = 10*x. What are the prime factors of x?
2, 3, 11
Let q(r) = -30 + 27 + 18 + r. Let p be q(-5). What are the prime factors of (252/(-35))/((-3)/p)?
2, 3
List the prime factors of 1503918/39 + -14 + (1 - 9*1).
2, 5, 41, 47
Suppose -34*y = -17*y + 12*y - 597545. What are the prime factors of y?
5, 13, 317
Let t(w) = 79*w**3 - 4*w**2 - 3*w. Let m(i) = i**3 - i**2 - i + 1. Let g(v) = -m(v) + t(v). List the prime factors of g(2).
607
Suppose 0 = -11*p + 22*p + 66. What are the prime factors of (-29 + 70)*(-3)/(p/74)?
37, 41
Suppose -66*h + 67*h = 14. Let l = h + 79. Suppose -l - 37 = -5*s + z, 4*s + 3*z - 123 = 0. List the prime factors of s.
3
Let a be (-1 + 2)/(4/(-24)). Suppose -35 = h - 3*h + 3*d, -2*h + 5 = 3*d. List the prime factors of a/(-12)*-15*(-24)/h.
2, 3
What are the prime factors of 165/(-75)*5 - -1607?
2, 3, 7, 19
Let l(k) = -15*k - 2. Let w(x) = -x**2 - 10*x - 5. Let d be w(-9). Suppose 4*j = d, 2*j - 19 = 4*g - j. What are the prime factors of l(g)?
2, 29
Let a = -159 - -189. Let q(p) = 13*p - 16. What are the prime factors of q(a)?
2, 11, 17
Suppose 55 - 3135 = -3*g + 5*c, 3*g + 3*c - 3048 = 0. Let x = g + -721. What are the prime factors of x?
13, 23
Suppose -15*z + 21*z = 262746. What are the prime factors of z?
3, 11, 1327
Let v(j) = 2*j**2 + 155*j - 134. What are the prime factors of v(-100)?
2, 37, 59
Suppose -747742 - 4404557 = -75*h - 192*h. List the prime factors of h.
23, 839
Let r be (-2)/13 + 3/39*-37. Let h be (r/4)/(502/72 - 7). Let y = 125 + h. List the prime factors of y.
2, 19
Suppose 5*t = -2*s - 7 - 0, -4*t - 4 = 2*s. Suppose 4*o = 2*h + 192, 5*o - s*h + 7 - 250 = 0. List the prime factors of o.
47
What are the prime factors of (66017/42)/((-32)/(-192))?
9431
Let j = 1333 + -646. Let p = j - 380. What are the prime factors of p?
307
Let t(p) = 583*p - 4746. List the prime factors of t(71).
13, 2819
Let i(x) = 3 + 4*x**2 + 2*x + 2*x + 0*x. Suppose 15 = -3*q - 2*q, -4*y - 3*q = 33. List the prime factors of i(y).
3, 41
Let z(n) = n**3 + 2*n**2 + n - 5. Suppose 0*h = h - 3*m + 2, 2*m = -2. Let a be z(h). Let f = 181 + a. List the prime factors of f.
2, 3
Let x(s) = -5*s**3 - 25*s**2 + 4*s + 101. Let u(y) = -6*y**3 - 22*y**2 + 3*y + 100. Let z(l) = -4*u(l) + 5*x(l). List the prime factors of z(-38).
3, 5, 83
Let z be ((-3)/((-21)/(-1750)))/(3/(-6)). Suppose -z*t = -501*t + 911. What are the prime factors of t?
911
Suppose 237*k - 232*k - 65 = 0. Suppose k*r = -2966 + 15862. What are the prime factors of r?
2, 31
Suppose -h + b + 4490 = 3*b, -22486 = -5*h - 4*b. List the prime factors of h.
2, 2251
Let p be 85/(-15) - 2/6. Let c be 8/p*3/(-2). Let q(a) = 3*a**3 + 7*a**2 - 1. What are the prime factors of q(c)?
3, 17
Suppose -11*x + 19*x = 0. Suppose 3*i - 2 = 2*w - 59, -5*w + 4*i + 146 = x. List the prime factors of w.
2, 3, 5
Suppose -2*s + 799 = 5*b, -2*b - 4*s + 45 = -265. Suppose 3*k + 1 = -203. Let d = k + b. What are the prime factors of d?
3, 31
Suppose -25 = -6*i + 29. Suppose i*g - 3295 + 145 = 0. What are the prime factors of g?
2, 5, 7
Suppose 5*j + 0*v - v - 22 = 0, 2*j - 2*v = 12. Let y = 4 - -105. Suppose -621 = -j*b - y. What are the prime factors of b?
2
Suppose 3*z - 11 = 5*i, 0*z + 2*i = 2*z - 14. Let a be 32/10 + z/15. Suppose 0 = -3*y - 4*n - n + 229, 0 = -a*y - 3*n + 309. List the prime factors of y.
2, 3, 13
Suppose -2*c + 8*c = -954. Suppose 10 = 5*f, -2*f - 25 = -3*m - 269. Let z = m - c. List the prime factors of z.
79
Suppose 8*z - 28785 = 3*z - 4*o, -5*z = o - 28785. What are the prime factors of z?
3, 19, 101
Let m(l) = -156*l + 3. Suppose 8*p - 6*p + 2 = -2*k, 0 = p - k - 9. Let x be (-2)/p*(25 - 23). List the prime factors of m(x).
3, 53
Suppose 2*o - 1882*p - 40173 = -1887*p, 0 = 2*p - 10. List the prime factors of o.
2, 10037
Suppose -2*b + 3916 = 4*x, 21*b = 23*b + 3*x - 3920. What are the prime factors of b?
2, 983
Let o = 16072 + -15268. What are the prime factors of o?
2, 3, 67
Let k(n) = -1008*n + 164. What are the prime factors of k(-6)?
2, 1553
Suppose -2*q + 160 = 168. List the prime factors of q + (9 - 7) - (-650)/1.
2, 3
Let k = 78650 - 48272. List the prime factors of k.
2, 3, 61, 83
Let h = 37 - 46. Let d(k) = -21*k - 15. Let z be d(h). Suppose -14*n + z = -12*n. What are the prime factors of n?
3, 29
Let d(v) = 43*v**2 + 13*v + 30. Suppose -3*x - 33 = 3*m, 1 = m - 2*x - 3. List the prime factors of d(m).
2, 3, 5
Let l = -339 + 676. Let o = -37 + l. List the prime factors of o.
2, 3, 5
Let l(w) be the third derivative of -w**5/30 + 19*w**4/24 - 5*w**3/6 - 34*w**2. Let k be l(9). List the prime factors of 1/(-4) + k/(32/1746).
2, 109
Let m = -112658 + 159236. List the prime factors of m.
2, 3, 7, 1109
Let f(p) = 10*p - 18. Suppose 2*n - 2*h - 1 = h, h + 3 = n. List the prime factors of f(n).
2, 31
Suppose 4*u - 38676 = -25*v + 29*v, -3*u + v = -29003. What are the prime factors of u?
7, 1381
List the prime factors of 8/(-68) + 380695/119.
7, 457
Let t(m) = 43*m**3 + 2*m**2 - 2*m - 2. Let v be t(-1). Let l = v + 41. Suppose l = k - 87 - 183. What are the prime factors of k?
2, 3, 5
Suppose -13*i + 4*i = -2367. Let m = -140 + i. What are the prime factors of m?
3, 41
Suppose -12*i + 4*i + 102258 = 5*i. What are the prime factors of i?
2, 3, 19, 23
Let l(k) = k. Let a = 21 - 19. Let m be l(a). List the prime factors of (-100)/(-3)*(m + 1).
2, 5
Let p(g) = -g**3 - 5*g**2 + 15*g - 1. Let f be p(-7). Let y be (15/(-20))/((-2)/f). Let b(s) = 17*s**2 + 4*s + 3. What are the prime factors of b(y)?
2, 3
Let d(g) = 2*g**3 + 7*g**2 - 7*g. Let m be d(5). Let a = 3469 - 3657. Let z = a + m. What are the prime factors of z?
2, 101
Suppose -15*y + 370 + 1505 = 0. Let z = 133 - y. List the prime factors of z.
2
Let n(i) = -146*i + 28. Suppose -5*q + 3*s + 46 = 0, -13 = -3*q + 2*s + 15. Let d be n(q). List the prime factors of (d/(-16) - 2) + (-3)/12.
3, 23
Let t = 24643 - 13262. What are the prime factors of t?
19, 599
Let i = 135 - 132. Suppose -i*o - 5*y + 42 = 0, o + 2*y - 24 = -3*y. Suppose o*x - 137 - 727 = 0. List the prime factors of x.
2, 3
Suppose -10*n + 6*n + 8797 = -5*w, 5 = -5*w. Suppose 0 = 4*b - 3*j - n, -1123 = -2*b + 5*j - 17. What are the prime factors of b?
2, 137
Let t be ((0 + -1)/(-1))/(3/(-3)). Let l(a) = -a + 2. Let v(w) = 14*w - 51. Let f(r) = t*v(r) - 6*l(r). List the prime factors of f(-13).
11, 13
Let v(f) = 115*f**2 - f + 2. Let y(c) = 231*c**2 - c + 5. Let h(t) = 9*v(t) - 4*y(t). List the prime factors of h(-1).
2, 3, 19
Suppose -4*c + 64 = 2*f, -3*f - 66 = -c - 2*c. Let t = -11 + c. Suppose 0 = -x - t + 26. What are the prime factors of x?
19
Let w = 7194 + 1949. What are the prime factors of w?
41, 223
Suppose 0 = 3*n + c + 37598, -3682 = -n - 2*c - 16208. What are the prime factors of (-12)/54 - n/27?
2, 29
Let m(g) = 2*g + 9. Let s be m(-6). Let j(x) = -x. Let h be j(s). What are the prime factors of 39/h*(-2 + 5)?
3, 13
Let c(k) = -k**3 - 11*k**2 - k + 6. Let y be c(-12). Let h = -18 + 74. Suppose -h*n + y = -54*n. What are the prime factors of n?
3
Let c(z) = -z**2 + 2*z + 14. Let r be c(7). Let g = r + 22. List the prime factors of (-6 + g)*39/(-5).
3, 13
Suppose i - 12 + 4 = 0. Let j(c) = -114*c + 1941. Let s be j(17). Suppose i*u - s = 7*u. What are the prime factors of u?
3
Let y(w) = -3*w**2 - 11*w + 5. Let k(a) = 4*a + 56. Let u be k(-15). Let o be y(u). List the prime factors of (9*10)/((-11)/(-8) - o).
2, 3, 5
Suppose 0 = 87*q + 48*q - 778734 - 3001671. What are the prime factors of q?
41, 683
Let n(i) = 29*i**3 - 7*i**2 + 44*i - 221. List the prime factors of n(6).
5, 7, 173
Suppose 63*b + 302 = 65*b. Suppose s + 3*x = -15 + b, -x - 244 = -2*s.